{"id":46,"date":"2011-03-02T15:28:54","date_gmt":"2011-03-02T15:28:54","guid":{"rendered":"http:\/\/tauschkreise.at\/?page_id=46"},"modified":"2019-10-07T14:47:14","modified_gmt":"2019-10-07T13:47:14","slug":"zeit-statt-geld","status":"publish","type":"page","link":"http:\/\/www.tauschkreise.at\/?page_id=46","title":{"rendered":"Zeit statt Geld"},"content":{"rendered":"<p>Die offizielle W\u00e4hrung im \u201eTalente-Tauschkreis Salzburg\u201c ist die \u201eTalentestunde\u201c.<br \/>\nWaren oder Dienstleistungen werden gegen ein Zeitguthaben getauscht.<br \/>\nZeit ist ein begrenztes, wertvolles Gut, von dem jeder grunds\u00e4tzlich gleich viel besitzt.<\/p>\n<p>F\u00fcr jedes Mitglied wird ein eigenes Zeitkonto eingerichtet, auf dem alle Kontobewegungen gebucht werden. Mit deinem Zeitkonto kann man online bezahlen. Jedes Mitglied kann auch das Konto \u00fcberziehen. Das ist durchaus OK, denn Zinsen oder \u00dcberziehungsgeb\u00fchren gibt es keine.<br \/>\nEs handelt sich also um ein freies Tauschmittel ohne Schulden und ohne Zinsen.<\/p>\n<p>Das unterscheidet unsere Tauschmittel gegen\u00fcber dem verzinsten Schuldgeldsystem.<br \/>\nDer EURO entsteht ausschlie\u00dflich durch Verschuldung bei der Kreditvergabe,<br \/>\ndurch den Buchungssatz:<br \/>\nForderung (Kreditnehmer) an Verbindlichkeit (Kreditnehmer)<br \/>\nkommt es zu einer sogenannten Bilanzverl\u00e4ngerung.<br \/>\nSoll und Haben werden gleicherma\u00dfen erh\u00f6ht.<br \/>\nDie Bank schuldet dem Kreditnehmer und der Kreditnehmer schuldet der Bank.<br \/>\nEntgegen der Schulmeinung sch\u00f6pft nicht die Nationalbank das Geld, sondern die privaten Gesch\u00e4ftsbanken.<br \/>\nDas auf diese Art geschaffene (gesch\u00f6pfte) Geld, l\u00f6st sich durch die R\u00fcckzahlung wieder auf.<br \/>\nNur die Zinsen bleiben auf der Bankseite \u00fcbrig.<br \/>\nDa die Zinsen aber bei der Kreditvergabe nicht mit erschaffen wurden, werden neue, gr\u00f6\u00dfere Kredite ben\u00f6tigt um den Geldverlust von uns Nichtbanken auszugleichen und neues Geld in den Umlauf zu bringen.<br \/>\nDas Geld muss also st\u00e4ndig wachsen und somit auch die Wirtschaft.<br \/>\nWirtschaftswachstum bedeutet aber gleichzeitig mehr CO2-Aussto\u00df.<\/p>\n<p>Wenn wir den CO2-Aussto\u00df reduzieren wollen, dann brauchen wir ein neues Geldsystem ohne Schuld und Zins.<\/p>\n<p>Daher gibt es beim Tauschkreis keine Zinsen und Zinseszinsen. Wir wollen, dass sich die Talente-Stunden schnell von einem Konto zum anderen bewegen. Das Horten von Talente-Stunden br\u00e4chte jedoch die Nachbarschaftshilfe ins Stocken. Im Eurosystem k\u00f6nnen Euro-Guthaben grenzenlos anwachsen und werden belohnt \u2013 bei uns ist es umgekehrt. F\u00fcr gr\u00f6\u00dfere Guthaben werden Geb\u00fchren erhoben.<\/p>\n<p>Es gibt in \u00d6sterreich und Deutschland viele Tauschkreise mit einem vergleichbaren W\u00e4hrungssystem, siehe Men\u00fcpunkt: \u201eANDERE TAUSCHKREISE \u2013 LINKS\u201c. Mit befreundeten Tauschkreisen kann man auch tauschen. Stunden mit Euros zu kaufen ist jedoch nicht gewollt und gesetzlich nicht erlaubt.<\/p>\n<p>Man muss W\u00e4hrungssysteme nicht verstehen, aber wenn du sie gerne verstehen m\u00f6chtest, kann man eine Mitgliedschaft nur empfehlen.<\/p>\n<p>Eines noch zum Schluss: die Steuer- und Gewerbegesetze gelten in jedem Fall, ganz egal, ob man ein Gesch\u00e4ft in Euro, Franken, Dollar oder eben Stunden abschlie\u00dft.<\/p>\n<p>Seht euch bitte unseren Codex-Vorab-Entwurf als Diskussionsbasis an und postet eure Meinung dazu !\u00a0 Danke.<br \/>\n<a href=\"http:\/\/www.tauschkreise.at\/wp-content\/uploads\/2011\/03\/Talente-Codex-TK-Salzburg-2017-02-18.doc\">Talente-Codex-TK-Salzburg-2017-02-18<\/a><\/p>\n","protected":false},"excerpt":{"rendered":"<p>Die offizielle W\u00e4hrung im \u201eTalente-Tauschkreis Salzburg\u201c ist die \u201eTalentestunde\u201c. Waren oder Dienstleistungen werden gegen ein Zeitguthaben getauscht. Zeit ist ein begrenztes, wertvolles Gut, von dem jeder grunds\u00e4tzlich gleich viel besitzt. F\u00fcr jedes Mitglied wird ein eigenes Zeitkonto eingerichtet, auf dem &hellip; <a href=\"http:\/\/www.tauschkreise.at\/?page_id=46\">Weiterlesen <span class=\"meta-nav\">&rarr;<\/span><\/a><\/p>\n","protected":false},"author":5,"featured_media":0,"parent":0,"menu_order":0,"comment_status":"open","ping_status":"open","template":"","meta":{"footnotes":""},"class_list":["post-46","page","type-page","status-publish","hentry"],"_links":{"self":[{"href":"http:\/\/www.tauschkreise.at\/index.php?rest_route=\/wp\/v2\/pages\/46","targetHints":{"allow":["GET"]}}],"collection":[{"href":"http:\/\/www.tauschkreise.at\/index.php?rest_route=\/wp\/v2\/pages"}],"about":[{"href":"http:\/\/www.tauschkreise.at\/index.php?rest_route=\/wp\/v2\/types\/page"}],"author":[{"embeddable":true,"href":"http:\/\/www.tauschkreise.at\/index.php?rest_route=\/wp\/v2\/users\/5"}],"replies":[{"embeddable":true,"href":"http:\/\/www.tauschkreise.at\/index.php?rest_route=%2Fwp%2Fv2%2Fcomments&post=46"}],"version-history":[{"count":19,"href":"http:\/\/www.tauschkreise.at\/index.php?rest_route=\/wp\/v2\/pages\/46\/revisions"}],"predecessor-version":[{"id":2587,"href":"http:\/\/www.tauschkreise.at\/index.php?rest_route=\/wp\/v2\/pages\/46\/revisions\/2587"}],"wp:attachment":[{"href":"http:\/\/www.tauschkreise.at\/index.php?rest_route=%2Fwp%2Fv2%2Fmedia&parent=46"}],"curies":[{"name":"wp","href":"https:\/\/api.w.org\/{rel}","templated":true}]}}